i(2).
80
Let a(m) = m**2 + 27*m - 101. Determine a(-30).
-11
Let c(g) = -4*g**2 - 235*g + 4. Give c(0).
4
Let q(t) = 3*t**2 - 62*t - 18. Calculate q(20).
-58
Let b(q) = -634*q + 1266. Determine b(2).
-2
Let w(c) = -84*c - 16. What is w(0)?
-16
Let b(d) = -56*d + 6. Determine b(1).
-50
Let a(b) = -33*b**2 - 2144*b + 65. What is a(-65)?
0
Let n(a) = -2*a + 15. Give n(-2).
19
Let g(r) = r**2 - 1433*r + 3. What is g(0)?
3
Let b(a) = 113*a - 764. Calculate b(7).
27
Let r(q) = -q**3 - 51*q**2 - q - 49. Calculate r(-51).
2
Let v(y) = -258*y + 30966. Calculate v(120).
6
Let z(c) = 2*c - 701. Calculate z(14).
-673
Let r(o) = -32*o + 631. Determine r(0).
631
Let b(q) = -7*q - 16. Calculate b(-21).
131
Let t(a) = 2*a**2 - 116*a + 613. What is t(6)?
-11
Let i(z) = -z**2 + 4*z + 217. Give i(15).
52
Let u(a) = 15*a**2 - 141*a - 4. Give u(9).
-58
Let a(i) = -22*i**3 + 434*i**2 + 118*i + 41. Determine a(20).
1
Let u(y) = -82*y - 35. Determine u(-2).
129
Let i(o) = 3*o**2 - 20*o + 76. Calculate i(6).
64
Let n(x) = 2*x**3 - 106*x + 26. What is n(7)?
-30
Let x(f) = f**2 - 77*f - 3376. Calculate x(107).
-166
Let n(y) = -493*y - 72950. Determine n(-148).
14
Let h(r) = -46*r**3 - r**2 - 3*r - 1. Determine h(-1).
47
Let j(o) = o**3 - 5*o**2 - 1377*o + 6917. Give j(5).
32
Let o(x) = -661*x - 17846. Give o(-27).
1
Let y(w) = w**2 + 29*w + 172. Give y(-8).
4
Let h(w) = -w**3 - 16*w**2 - 35*w - 20. Give h(-2).
-6
Let g(f) = -f**3 + 195*f**2 + 3373*f - 81. Give g(-16).
-33
Let t(v) = -775*v + 758. What is t(1)?
-17
Let y(b) = 204*b - 1265. Determine y(7).
163
Let f(w) = -w**2 + 26*w - 74. Give f(3).
-5
Let p(z) = -47*z**2 - 95*z + 9. Calculate p(-2).
11
Let z(k) = 68*k - 158. What is z(3)?
46
Let q(y) = 223*y + 2237. What is q(-10)?
7
Let g(w) = -3404*w + 10169. Calculate g(3).
-43
Let h(r) = -r**3 + 28*r**2 - 6*r + 150. Give h(28).
-18
Let x(u) = -86*u - 87. Give x(-3).
171
Let o(i) = 246*i + 3144. Calculate o(-13).
-54
Let g(k) = -303*k**2 + 3. Calculate g(1).
-300
Let b(v) = 2*v**2 + 13*v - 478. Give b(-26).
536
Let y(v) = -73*v + 22198. Determine y(304).
6
Let w(t) = -t**3 - 65*t**2 + 14*t - 3422. Calculate w(-66).
10
Let u(d) = -d**3 - 23*d**2 + 114*d + 145. Give u(-27).
-17
Let u(j) = 12*j**3 - 15*j**2 + 8*j - 23. Give u(4).
537
Let w(p) = 2*p**3 - 388*p**2 + 23*p - 4463. Determine w(194).
-1
Let l(h) = -3*h**2 + 9*h - 8. Calculate l(-8).
-272
Let g(v) = -2*v**3 - 66*v**2 - 544*v - 68. Determine g(-15).
-8
Let u(s) = 61*s**2 + 12*s + 15. What is u(-2)?
235
Let y(k) = -k + 58. Determine y(-21).
79
Let q(k) = k**2 - 24*k + 157. Give q(10).
17
Let i(y) = -y**3 - 12*y**2 - 8*y - 1. Determine i(-3).
-58
Let r(j) = -13*j - 1143. Determine r(-87).
-12
Let h(p) = 21*p + 115. Give h(-6).
-11
Let s(v) = -5*v - 130. Calculate s(16).
-210
Let r(g) = -g**2 - 51*g + 17. Give r(-32).
625
Let r(a) = -17*a**2 + 207*a + 2. Determine r(12).
38
Let g(r) = r**3 - 8*r**2 - 133*r + 84. Determine g(16).
4
Let u(a) = 117*a + 3537. What is u(-30)?
27
Let p(f) = f**2 + 37*f - 460. What is p(-47)?
10
Let p(i) = 2*i**3 + 40*i**2 - 42*i + 43. What is p(-21)?
43
Let w(x) = 8*x**2 + 153*x - 711. What is w(-23)?
2
Let i(c) = -c**3 + 15*c**2 - 50*c - 7. Determine i(9).
29
Let o(d) = d**2 - 51*d + 243. What is o(45)?
-27
Let s(w) = -2*w**3 - 4*w**2 + 12*w + 20. What is s(-3)?
2
Let q(l) = -2*l**2 + 470*l - 4499. Determine q(10).
1
Let t(c) = -3*c**2 - 61*c + 14. Give t(-23).
-170
Let c(v) = 105*v + 11457. Determine c(-109).
12
Let n(o) = -o**2 - 58*o + 330. Give n(-63).
15
Let l(c) = -3*c**2 - 189*c - 563. Calculate l(-3).
-23
Let w(i) = -95*i + 27. Calculate w(1).
-68
Let v(d) = d**3 + 32*d**2 - 14*d - 496. Determine v(-32).
-48
Let u(g) = 34*g**3 + 2*g**2 - 2. What is u(-1)?
-34
Let v(d) = -d**3 - 21*d**2 - 99*d - 29. Give v(-6).
25
Let w(s) = -132*s + 385. Give w(1).
253
Let o(s) = 22*s**2 + 419*s + 15. Determine o(-19).
-4
Let a(s) = 411*s - 2059. Give a(5).
-4
Let r(y) = 17*y + 162. Calculate r(-7).
43
Let j(m) = -125*m + 689. Calculate j(6).
-61
Let j(m) = -m**3 + 7*m**2 - 20*m + 14. Determine j(6).
-70
Let l(b) = 89*b - 11211. Give l(126).
3
Let p(z) = z**2 + z + 7. What is p(4)?
27
Let u(i) = 19*i - 2780. What is u(147)?
13
Let f(x) = -170*x + 2051. Calculate f(12).
11
Let c(u) = -2*u**3 - 9*u**2 + 2*u - 6. Calculate c(-5).
9
Let x(t) = 2*t**2 - 622*t - 1250. What is x(-2)?
2
Let w(o) = -28*o + 202. What is w(11)?
-106
Let i(r) = 13*r - 223. What is i(-37)?
-704
Let t(j) = 43*j - 133. Calculate t(7).
168
Let b(y) = 380*y + 3041. Determine b(-8).
1
Let o(h) = 2*h**3 - 35*h**2 - 830*h + 14607. Determine o(18).
-9
Let h(l) = -l**2 + 11*l + 34. Give h(14).
-8
Let h(b) = -134*b - 2435. What is h(-19)?
111
Let r(n) = -2*n**2 + 142*n - 811. What is r(6)?
-31
Let u(z) = -z**2 + 38*z + 372. Calculate u(49).
-167
Let z(q) = -17*q + 2186. Determine z(128).
10
Let h(m) = 15*m**3 - 7*m**2 + 5*m + 11. Calculate h(-3).
-472
Let z(k) = 4*k**2 + 47*k + 1. Calculate z(5).
336
Let a(n) = -3*n**2 - 32*n + 161. Give a(-23).
-690
Let z(w) = -w**3 - 93*w**2 + 555*w - 3859. Give z(-99).
2
Let t(x) = 20*x - 67. What is t(-10)?
-267
Let w(v) = 11*v**2 + 69*v - 143. Calculate w(-8).
9
Let o(x) = -531*x + 1040. Calculate o(2).
-22
Let t(v) = 86*v - 732. Calculate t(8).
-44
Let p(v) = 26*v + 2659. Give p(-113).
-279
Let z(w) = -150*w + 398. Determine z(2).
98
Let g(c) = -2*c**2 - 82*c - 805. What is g(-17)?
11
Let r(h) = 68028*h + 272119. Give r(-4).
7
Let l(s) = 3*s**3 - 225*s**2 - 230*s + 158. What is l(76)?
6
Let z(b) = 29*b + 473. What is z(-16)?
9
Let m(t) = -t**2 + 4*t + 101. Calculate m(-15).
-184
Let r(s) = s**2 + 9*s + 29. What is r(-20)?
249
Let j(b) = -2*b**2 - 278*b - 1399. What is j(-5)?
-59
Let s(q) = -q**2 + 16*q + 218. Determine s(-10).
-42
Let g(w) = 2*w + 16. What is g(1)?
18
Let y(i) = -8668*i + 52004. What is y(6)?
-4
Let s(v) = 7*v**2 - 2*v + 63. Give s(0).
63
Let x(r) = -r**3 + 7*r**2 + 5161*r - 41220. Determine x(8).
4
Let n(z) = 2*z**3 + 17*z**2 + 226*z + 1498. Determine n(-7).
63
Let a(s) = -678*s + 4035. Determine a(6).
-33
Let h(r) = -85*r + 208. What is h(4)?
-132
Let w(k) = k**3 + 4*k**2 - 9*k - 46. Give w(-5).
-26
Let v(l) = -40*l + 5101. Calculate v(131).
-139
Let y(m) = 2*m**2 - 5*m + 49. Give y(-14).
511
Let b(d) = 25*d - 72. What is b(4)?
28
Let c(n) = n**3 + 34*n**2 + 26*n - 1282. Determine c(-32).
-66
Let d(k) = -2*k**3 - 13*k**2 + k - 45. Give d(-7).
-3
Let v(x) = -48*x + 103. Calculate v(-8).
487
Let x(u) = 36*u**2 - 29*u - 64. Determine x(-2).
138
Let q(u) = 414*u - 10770. Calculate q(26).
-6
Let i(w) = 1752*w - 10509. Calculate i(6).
3
Let n(x) = x**2 - 26*x - 29. Calculate n(13).
-198
Let y(v) = -v**3 + 7*v**2 - 62*v + 426. Calculate y(7).
-8
Let g(u) = -u**3 - u**2 - 2431*u - 1. What is g(0)?
-1
Let n(f) = -14*f**2 + 18*f + 39. What is n(-7)?
-773
Let p(b) = 58*b - 16064. What is p(277)?
2
Let v(h) = -7*h**3 - 2*h**2 - 1227*h + 1230. Give v(1).
-6
Let j(q) = q**3 - 15*q**2 + 22*q + 50. Calculate j(13).
-2
Let a(z) = -4*z**2 + 222*z - 1222. Give a(6).
-34
Let t(u) = 126*u + 1394. Give t(-11).
8
Let z(q) = 2*q**3 + 114*q**2 - 115*q + 73. Calculate z(-58).
15
Let b(l) = 131*l + 1197. Determine b(-11).
-244
Let d(n) = -n**2 - 51*n + 513. Determine d(9).
-27
Let c(v) = 4*v**2 + 36*v - 263. What is c(-14)?
17
Let m(n) = -297*n - 1206. Give m(-4).
-18
Let q(z) = -z**3 - 14*z**2 - 19*z + 2. What is q(-12)?
-58
Let m(p) = -235*p - 473. Determine m(-2).
-3
Let z(a) = -4*a**2 - 4*a - 14. Determine z(-5).
-94
Let o(v) = -v**3 - 87*v**2 - 64*v + 1841. What is o(-86)?
-51
Let u(r) = -31*r**3 + r**2 - 10*r + 8. Calculate u(2).
-256
Let f(o) = o**3 + 28*o**2 - 31*o - 8. Determine f(-29).
50
Let j(u) = -134*u + 1738. Determine j(13).
-4
Let d(j) = -j**3 + 21*j**2 - 10*j - 34. What is d(20)?
166
Let n(v) = -61*v**2 - 40*v + 41. Calculate n(1).
-60
Let g(y) = -y**2 + 85*y + 17940. Determine g(183).
6
Let i(y) = -34*y**2 - 1386*y + 235. Determine i(-41).
-93
Let q(u) = -360*u - 32019. Determine q(-89).
21
Let g(k) = -36*k**2 - 150*k. What is g(-3)?
126
Let i(g) = g**2 + 9*g - 13. Give i(-13).
39
Let s(g) = -59*g + 666. Determine s(16).
-278
Let u(r) = -26*r**2 - 31*r - 60. Calculate u(-2).
-102
Let h(o) = 1195*o - 14346. What is h(12)?
-6
Let r(j) = -j**2 + 10*j - 44. Give r(7).
-23
Let b(n) =